{"id":10,"date":"2025-06-17T22:43:43","date_gmt":"2025-06-17T22:43:43","guid":{"rendered":"http:\/\/www.hexon-poland.com\/?page_id=10"},"modified":"2025-06-17T23:17:04","modified_gmt":"2025-06-17T23:17:04","slug":"informacje","status":"publish","type":"page","link":"https:\/\/www.hexon-poland.com\/index.php\/informacje\/","title":{"rendered":"Nasza oferta"},"content":{"rendered":"\n<p>Surowce i p\u00f3\u0142produkty chemiczne to szeroka gama substancji o r\u00f3\u017cnorakich zastosowaniach. Wykorzystywane s\u0105 mi\u0119dzy innymi w bran\u017cy kosmetycznej, rolniczej, a tak\u017ce formulacji dla przemys\u0142u ci\u0119\u017ckiego (g\u00f3rnictwo, metalurgia, budownictwo, energetyka).<\/p>\n\n\n\n<p>Podstawowe chemikalia bior\u0105 udzia\u0142 w syntezie niekt\u00f3rych zwi\u0105zk\u00f3w, w tym substancji aktywnych wchodz\u0105cych w sk\u0142ad lek\u00f3w oraz \u015brodk\u00f3w ochrony ro\u015blin. Pe\u0142ni\u0105 r\u00f3wnie\u017c rol\u0119 dodatk\u00f3w do tworzyw sztucznych, farb, lakier\u00f3w i pow\u0142ok.<\/p>\n\n\n\n<p>HEXON jest dystrybutorem wysokiej jako\u015bci surowc\u00f3w chemicznych, kt\u00f3re doskonale uzupe\u0142niaj\u0105 ofert\u0119 produkt\u00f3w specjalistycznych oraz gotowych do bezpo\u015bredniego zastosowania.<br><br>W naszej ofercie znajduj\u0105 si\u0119:<br>&#8211; surowce chemiczne,<br>&#8211; p\u00f3\u0142produkty chemiczne,<br>&#8211; odczynniki,<br>&#8211; metale technologiczne.<\/p>\n\n\n\n<p>Baza produkt\u00f3w naszej oferty zawiera ponad 500 pozycji. Je\u015bli jeste\u015bcie Pa\u0144stwo zainteresowani wsp\u00f3\u0142prac\u0105 z nami prosimy o kontakt w celu przygotowania indywidualnej oferty. Jeste\u015bmy do Pa\u0144stwa dyspozycji.<\/p>\n","protected":false},"excerpt":{"rendered":"<p>Surowce i p\u00f3\u0142produkty chemiczne to szeroka gama substancji o r\u00f3\u017cnorakich zastosowaniach. Wykorzystywane s\u0105 mi\u0119dzy innymi w bran\u017cy kosmetycznej, rolniczej, a tak\u017ce formulacji dla przemys\u0142u ci\u0119\u017ckiego (g\u00f3rnictwo, metalurgia, budownictwo, energetyka). Podstawowe chemikalia bior\u0105 udzia\u0142 w syntezie niekt\u00f3rych zwi\u0105zk\u00f3w, w tym substancji aktywnych wchodz\u0105cych w sk\u0142ad lek\u00f3w oraz \u015brodk\u00f3w ochrony ro\u015blin. Pe\u0142ni\u0105 r\u00f3wnie\u017c rol\u0119 dodatk\u00f3w do tworzyw &hellip; <\/p>\n<p class=\"link-more\"><a href=\"https:\/\/www.hexon-poland.com\/index.php\/informacje\/\" class=\"more-link\">Czytaj dalej<span class=\"screen-reader-text\"> \u201eNasza oferta\u201d<\/span><\/a><\/p>\n","protected":false},"author":1,"featured_media":0,"parent":0,"menu_order":0,"comment_status":"closed","ping_status":"closed","template":"","meta":{"footnotes":""},"class_list":["post-10","page","type-page","status-publish","hentry"],"_links":{"self":[{"href":"https:\/\/www.hexon-poland.com\/index.php\/wp-json\/wp\/v2\/pages\/10","targetHints":{"allow":["GET"]}}],"collection":[{"href":"https:\/\/www.hexon-poland.com\/index.php\/wp-json\/wp\/v2\/pages"}],"about":[{"href":"https:\/\/www.hexon-poland.com\/index.php\/wp-json\/wp\/v2\/types\/page"}],"author":[{"embeddable":true,"href":"https:\/\/www.hexon-poland.com\/index.php\/wp-json\/wp\/v2\/users\/1"}],"replies":[{"embeddable":true,"href":"https:\/\/www.hexon-poland.com\/index.php\/wp-json\/wp\/v2\/comments?post=10"}],"version-history":[{"count":10,"href":"https:\/\/www.hexon-poland.com\/index.php\/wp-json\/wp\/v2\/pages\/10\/revisions"}],"predecessor-version":[{"id":74,"href":"https:\/\/www.hexon-poland.com\/index.php\/wp-json\/wp\/v2\/pages\/10\/revisions\/74"}],"wp:attachment":[{"href":"https:\/\/www.hexon-poland.com\/index.php\/wp-json\/wp\/v2\/media?parent=10"}],"curies":[{"name":"wp","href":"https:\/\/api.w.org\/{rel}","templated":true}]}}